{"id":13716,"date":"2019-10-03T18:09:22","date_gmt":"2019-10-03T16:09:22","guid":{"rendered":"https:\/\/www.ebookers.fi\/matka-blogi\/?page_id=13716"},"modified":"2019-10-03T20:43:21","modified_gmt":"2019-10-03T18:43:21","slug":"saannotjapalkinto","status":"publish","type":"page","link":"https:\/\/www.ebookers.fi\/matka-blogi\/puhutkometallia\/saannotjapalkinto\/","title":{"rendered":"S\u00c4\u00c4NN\u00d6T JA PALKINTO"},"content":{"rendered":"<!-- AddThis Advanced Settings generic via filter on the_content --><!-- AddThis Share Buttons generic via filter on the_content -->","protected":false},"excerpt":{"rendered":"<p><!-- AddThis Advanced Settings generic via filter on get_the_excerpt --><!-- AddThis Share Buttons generic via filter on get_the_excerpt --><\/p>\n","protected":false},"author":40,"featured_media":0,"parent":13706,"menu_order":0,"comment_status":"closed","ping_status":"closed","template":"page-templates\/metallia-saannot.php","meta":{"footnotes":""},"class_list":["post-13716","page","type-page","status-publish","hentry"],"acf":[],"yoast_head":"<!-- This site is optimized with the Yoast SEO plugin v19.8 - https:\/\/yoast.com\/wordpress\/plugins\/seo\/ -->\n<title>S\u00c4\u00c4NN\u00d6T JA PALKINTO - ebookers matkablogi<\/title>\n<meta name=\"robots\" content=\"index, follow, max-snippet:-1, max-image-preview:large, max-video-preview:-1\" \/>\n<link rel=\"canonical\" href=\"https:\/\/www.ebookers.fi\/matka-blogi\/puhutkometallia\/saannotjapalkinto\/\" \/>\n<meta property=\"og:locale\" content=\"en_US\" \/>\n<meta property=\"og:type\" content=\"article\" \/>\n<meta property=\"og:title\" content=\"S\u00c4\u00c4NN\u00d6T JA PALKINTO - ebookers matkablogi\" \/>\n<meta property=\"og:url\" content=\"https:\/\/www.ebookers.fi\/matka-blogi\/puhutkometallia\/saannotjapalkinto\/\" \/>\n<meta property=\"og:site_name\" content=\"ebookers matkablogi\" \/>\n<meta property=\"article:modified_time\" content=\"2019-10-03T18:43:21+00:00\" \/>\n<meta name=\"twitter:card\" content=\"summary_large_image\" \/>\n<script type=\"application\/ld+json\" class=\"yoast-schema-graph\">{\"@context\":\"https:\/\/schema.org\",\"@graph\":[{\"@type\":\"WebPage\",\"@id\":\"https:\/\/www.ebookers.fi\/matka-blogi\/puhutkometallia\/saannotjapalkinto\/\",\"url\":\"https:\/\/www.ebookers.fi\/matka-blogi\/puhutkometallia\/saannotjapalkinto\/\",\"name\":\"S\u00c4\u00c4NN\u00d6T JA PALKINTO - ebookers matkablogi\",\"isPartOf\":{\"@id\":\"https:\/\/www.ebookers.fi\/matka-blogi\/#website\"},\"datePublished\":\"2019-10-03T16:09:22+00:00\",\"dateModified\":\"2019-10-03T18:43:21+00:00\",\"breadcrumb\":{\"@id\":\"https:\/\/www.ebookers.fi\/matka-blogi\/puhutkometallia\/saannotjapalkinto\/#breadcrumb\"},\"inLanguage\":\"en-US\",\"potentialAction\":[{\"@type\":\"ReadAction\",\"target\":[\"https:\/\/www.ebookers.fi\/matka-blogi\/puhutkometallia\/saannotjapalkinto\/\"]}]},{\"@type\":\"BreadcrumbList\",\"@id\":\"https:\/\/www.ebookers.fi\/matka-blogi\/puhutkometallia\/saannotjapalkinto\/#breadcrumb\",\"itemListElement\":[{\"@type\":\"ListItem\",\"position\":1,\"name\":\"Home\",\"item\":\"https:\/\/www.ebookers.fi\/matka-blogi\/\"},{\"@type\":\"ListItem\",\"position\":2,\"name\":\"Puhutko Metallia?\",\"item\":\"https:\/\/www.ebookers.fi\/matka-blogi\/puhutkometallia\/\"},{\"@type\":\"ListItem\",\"position\":3,\"name\":\"S\u00c4\u00c4NN\u00d6T JA PALKINTO\"}]},{\"@type\":\"WebSite\",\"@id\":\"https:\/\/www.ebookers.fi\/matka-blogi\/#website\",\"url\":\"https:\/\/www.ebookers.fi\/matka-blogi\/\",\"name\":\"ebookers matkablogi\",\"description\":\"Tarinoita maailmalta ja maailmasta\",\"potentialAction\":[{\"@type\":\"SearchAction\",\"target\":{\"@type\":\"EntryPoint\",\"urlTemplate\":\"https:\/\/www.ebookers.fi\/matka-blogi\/?s={search_term_string}\"},\"query-input\":\"required name=search_term_string\"}],\"inLanguage\":\"en-US\"}]}<\/script>\n<!-- \/ Yoast SEO plugin. -->","yoast_head_json":{"title":"S\u00c4\u00c4NN\u00d6T JA PALKINTO - ebookers matkablogi","robots":{"index":"index","follow":"follow","max-snippet":"max-snippet:-1","max-image-preview":"max-image-preview:large","max-video-preview":"max-video-preview:-1"},"canonical":"https:\/\/www.ebookers.fi\/matka-blogi\/puhutkometallia\/saannotjapalkinto\/","og_locale":"en_US","og_type":"article","og_title":"S\u00c4\u00c4NN\u00d6T JA PALKINTO - ebookers matkablogi","og_url":"https:\/\/www.ebookers.fi\/matka-blogi\/puhutkometallia\/saannotjapalkinto\/","og_site_name":"ebookers matkablogi","article_modified_time":"2019-10-03T18:43:21+00:00","twitter_card":"summary_large_image","schema":{"@context":"https:\/\/schema.org","@graph":[{"@type":"WebPage","@id":"https:\/\/www.ebookers.fi\/matka-blogi\/puhutkometallia\/saannotjapalkinto\/","url":"https:\/\/www.ebookers.fi\/matka-blogi\/puhutkometallia\/saannotjapalkinto\/","name":"S\u00c4\u00c4NN\u00d6T JA PALKINTO - ebookers matkablogi","isPartOf":{"@id":"https:\/\/www.ebookers.fi\/matka-blogi\/#website"},"datePublished":"2019-10-03T16:09:22+00:00","dateModified":"2019-10-03T18:43:21+00:00","breadcrumb":{"@id":"https:\/\/www.ebookers.fi\/matka-blogi\/puhutkometallia\/saannotjapalkinto\/#breadcrumb"},"inLanguage":"en-US","potentialAction":[{"@type":"ReadAction","target":["https:\/\/www.ebookers.fi\/matka-blogi\/puhutkometallia\/saannotjapalkinto\/"]}]},{"@type":"BreadcrumbList","@id":"https:\/\/www.ebookers.fi\/matka-blogi\/puhutkometallia\/saannotjapalkinto\/#breadcrumb","itemListElement":[{"@type":"ListItem","position":1,"name":"Home","item":"https:\/\/www.ebookers.fi\/matka-blogi\/"},{"@type":"ListItem","position":2,"name":"Puhutko Metallia?","item":"https:\/\/www.ebookers.fi\/matka-blogi\/puhutkometallia\/"},{"@type":"ListItem","position":3,"name":"S\u00c4\u00c4NN\u00d6T JA PALKINTO"}]},{"@type":"WebSite","@id":"https:\/\/www.ebookers.fi\/matka-blogi\/#website","url":"https:\/\/www.ebookers.fi\/matka-blogi\/","name":"ebookers matkablogi","description":"Tarinoita maailmalta ja maailmasta","potentialAction":[{"@type":"SearchAction","target":{"@type":"EntryPoint","urlTemplate":"https:\/\/www.ebookers.fi\/matka-blogi\/?s={search_term_string}"},"query-input":"required name=search_term_string"}],"inLanguage":"en-US"}]}},"amp_enabled":false,"_links":{"self":[{"href":"https:\/\/www.ebookers.fi\/matka-blogi\/wp-json\/wp\/v2\/pages\/13716","targetHints":{"allow":["GET"]}}],"collection":[{"href":"https:\/\/www.ebookers.fi\/matka-blogi\/wp-json\/wp\/v2\/pages"}],"about":[{"href":"https:\/\/www.ebookers.fi\/matka-blogi\/wp-json\/wp\/v2\/types\/page"}],"author":[{"embeddable":true,"href":"https:\/\/www.ebookers.fi\/matka-blogi\/wp-json\/wp\/v2\/users\/40"}],"replies":[{"embeddable":true,"href":"https:\/\/www.ebookers.fi\/matka-blogi\/wp-json\/wp\/v2\/comments?post=13716"}],"version-history":[{"count":1,"href":"https:\/\/www.ebookers.fi\/matka-blogi\/wp-json\/wp\/v2\/pages\/13716\/revisions"}],"predecessor-version":[{"id":13717,"href":"https:\/\/www.ebookers.fi\/matka-blogi\/wp-json\/wp\/v2\/pages\/13716\/revisions\/13717"}],"up":[{"embeddable":true,"href":"https:\/\/www.ebookers.fi\/matka-blogi\/wp-json\/wp\/v2\/pages\/13706"}],"wp:attachment":[{"href":"https:\/\/www.ebookers.fi\/matka-blogi\/wp-json\/wp\/v2\/media?parent=13716"}],"curies":[{"name":"wp","href":"https:\/\/api.w.org\/{rel}","templated":true}]}}